{"id":16006,"date":"2023-01-10T15:38:03","date_gmt":"2023-01-10T14:38:03","guid":{"rendered":"https:\/\/www.stadtmuseum.de\/?post_type=video&#038;p=16006"},"modified":"2023-02-21T14:58:47","modified_gmt":"2023-02-21T13:58:47","slug":"michael-laschke-wir-sind-viele-leben-in-berlin","status":"publish","type":"video","link":"https:\/\/www.stadtmuseum.de\/en\/video\/michael-laschke-wir-sind-viele-leben-in-berlin","title":{"rendered":"Michael Laschke | Wir sind viele. Leben in Berlin"},"content":{"rendered":"<section class=\"block block-header-video\" >\n\n\t<div class=\"block-header-video-content margin-bottom-sixth\">\n\t\t<block-media inline-template>\n\t\t\t<div class=\"block-media-wrapper\" @click=\"click\">\n\t\t\t\t<div class=\"block-header-video-fg\" ref=\"fg\">\n\t\t\t\t\t<div class=\"block-header-video-fg-wrapper\">\n\t\t\t\t\t\t<div class=\"container-fluid block-header-video-fg-container\">\n\t\t\t\t\t\t\t<div class=\"row block-header-video-fg-row\">\n\t\t\t\t\t\t\t\t<div class=\"col-xs-12 padding-top-two-thirds\">\n\t\t\t\t\t\t\t\t\t<div class=\"box\">\n\t\t\t\t\t\t\t\t\t\t<h1 class=\"zeplin-subHead01 has-invert-color padding-bottom-sixth\">Michael Laschke | Wir sind viele. Leben in Berlin<\/h1>\n\t\t\t\t\t\t\t\t\t\t<div class=\"zeplin-quoteName has-invert-color padding-bottom-sixth\">Berliner Zimmer<\/div>\n\t\t\t\t\t\t\t\t\t<\/div>\n\t\t\t\t\t\t\t\t<\/div>\n\t\t\t\t\t\t\t<\/div>\n\t\t\t\t\t\t<\/div>\n\t\t\t\t\t<\/div>\n\t\t\t\t<\/div>\n\n\t\t\t\t<div class=\"block-header-video-bg\">\n\t\t\t\t\t<div class=\"block-header-video-bg-wrapper\">\n\t\t\t\t\t\t\n\t\t<lazy-media-inline inline-template data-id=\"5934\">\n\t\t\t<figure itemscope itemtype=\"http:\/\/schema.org\/ImageObject\" class=\"lazy-media-inline \" role=\"group\" id=\"media_69f381dc2b8af\">\n\t\t\t\t<script type=\"application\/json\" ref=\"data\">\n\t\t\t\t{\n\t\t\t\t\"sizes\" : {\"medium\":{\"file\":\"Nnenna_Onuoha-1-300x169.jpg\",\"width\":300,\"height\":169,\"mime-type\":\"image\\\/jpeg\",\"filesize\":14510},\"large\":{\"file\":\"Nnenna_Onuoha-1-1024x575.jpg\",\"width\":1024,\"height\":575,\"mime-type\":\"image\\\/jpeg\",\"filesize\":132578},\"medium_large\":{\"file\":\"Nnenna_Onuoha-1-768x431.jpg\",\"width\":768,\"height\":431,\"mime-type\":\"image\\\/jpeg\",\"filesize\":80663},\"1536x1536\":{\"file\":\"Nnenna_Onuoha-1-1536x863.jpg\",\"width\":1536,\"height\":863,\"mime-type\":\"image\\\/jpeg\",\"filesize\":257355},\"small\":{\"file\":\"Nnenna_Onuoha-1-440x247.jpg\",\"width\":440,\"height\":247,\"mime-type\":\"image\\\/jpeg\",\"filesize\":29274},\"semi\":{\"file\":\"Nnenna_Onuoha-1-580x326.jpg\",\"width\":580,\"height\":326,\"mime-type\":\"image\\\/jpeg\",\"filesize\":49316},\"mobile\":{\"file\":\"Nnenna_Onuoha-1-720x404.jpg\",\"width\":720,\"height\":404,\"mime-type\":\"image\\\/jpeg\",\"filesize\":72378},\"hd\":{\"file\":\"Nnenna_Onuoha-1-1280x719.jpg\",\"width\":1280,\"height\":719,\"mime-type\":\"image\\\/jpeg\",\"filesize\":192183},\"original\":{\"file\":\"Nnenna_Onuoha-1.jpg\",\"width\":1675,\"height\":941}},\n\t\t\t\t\"alt\" : \"\",\n\t\t\t\t\"path\" : \"\\\/wp-content\\\/uploads\\\/2022\\\/11\\\/\",\n\t\t\t\t\"video\" : null,\n\t\t\t\t\"autoplay\" : null,\n\t\t\t\t\"youtube\" : \"https:\\\/\\\/youtu.be\\\/n1u3sTSVB50\",\n\t\t\t\t\"youtubelabel\" : \"play\",\n\t\t\t\t\"brightness\" : 70,\n\t\t\t\t\"crop\" : null,\n\t\t\t\t\"background\" : false,\n\t\t\t\t\"scale\" : 1,\n\t\t\t\t\"zoom\" : false,\n\t\t\t\t\"annotations\" : null\t\t\t\t}\n\t\t\t<\/script>\n\t\t\t\t<div class=\"height-container\" style=\"padding-bottom:56.179104477612%;  \" v-if=\"sizes\">\n\t\t\t\t\t<lazy-media :inline=\"true\" :alt=\"alt\" :sizes=\"sizes\" :scale=\"scale\" :zoom=\"zoom\" :brightness=\"brightness\" :path=\"path\" :video=\"video\" :autoplay=\"autoplay\" :youtube=\"youtube\" :crop=\"crop\" :youtubelabel=\"youtubelabel\" :annotations=\"annotations\" :background=\"background\"><\/lazy-media>\n\n\t\t\t\t\t\t\t\t\t<\/div>\n\n\t\t\t\t\n\t\t\t\t\t\t\t\t  <div class=\"container-fluid\">\n\t\t\t\t\t  <div class=\"row\">\n\t\t\t\t\t  \t<div class=\"col-xs-12\">\n\t\t\t\t\t\t\n\n\n\t\t\t\t\t\t\t\t\n\t\t\t   \t\t\t\t\t\t<\/div>\n\t\t\t\t\t  <\/div>\n\t\t\t\t  <\/div>\n\t\t\t\t\t\t\t\t\t\t<\/figure>\n\t\t<\/lazy-media-inline>\n\t\t\t\t\t\t\t<\/div>\n\t\t\t\t<\/div>\n\t\t\t<\/div>\n\t\t<\/block-media>\n\t<\/div>\n\n\t<div class=\"container-fluid margin-bottom padding-top-third\">\n\t\t<div class=\"row\">\n\t\t\t<div class=\"col-xs-12 col-md-7\">\n\t\t\t\t<div class=\"copy\">\n\t\t\t\t\t<div class=\"copy\">\n\t\t\t\t\t\t<p>Michael Laschke&#8217;s connection with Karlshorst began in 1961 when he was a student at the Hochschule f\u00fcr \u00d6konomie, where he would later teach as a lecturer. He has witnessed major changes to the neighbourhood, from the lifting of the military restricted area in 1963, to the upheaval following 1990, to the current boom in housing construction.<\/p>\n\t\t\t\t\t<\/div>\n\t\t\t\t<\/div>\n\t\t\t<\/div>\n\t\t<\/div>\n\t<\/div>\n<\/section>\n\n\n\n<section class=\"block block-headline has-highlight-color block-no-margin\" >\n\t<div class=\"container-fluid\">\n\t\t<div class=\"row\">\n\t\t\t\t\t\t<div class=\"col-xs-12 col-md-7 col-md-offset-5\">\n\t\t\t\t<div class=\"box\">\n\t\t\t\t\t<h2 class=\"h3\">Wir sind viele. Leben in Berlin<\/h2>\n\t\t\t\t<\/div>\n\t\t\t<\/div>\n\t\t\t\t\t<\/div>\n\t<\/div>\n<\/section>\n\n\n<section class=\"block block-copy\">\n\t<div class=\"container-fluid\">\n\t\t<div class=\"row\">\n\t\t\t<div class=\"col-xs-12 col-md-7 col-md-offset-5\">\n\t\t\t\t<div class=\"copy\">\n\t\t\t\t\t<p>The history of Karlshorst has been significantly shaped by the events of the 20<sup>th<\/sup> century. In 1920, the mansion colony, which previously belonged to the municipality of Friedrichsfelde, became a locality in the newly formed borough of Lichtenberg. After the end of the Second World War, a section of Karlshorst became the headquarters of the Soviet armed forces. The area was partially closed off and no longer accessible to the public. After the fall of the Berlin Wall and the withdrawal of the armed forces of the Russian Federation in 1994, a new development trend began. Karlshorst&#8217;s green and rural character have made it a popular place to live within the city, increasingly attracting new residents and with them increasingly dense development.<br><br>In cooperation with the Karlshorst Cultural Centre <em>KAHO<\/em>, Berlin-based artist Sonya Sch\u00f6nberger has set out to find the traces of old Karlshorst. By interviewing long-term residents, as well as those who have moved in or out, she wanted to find out how these changes are reflected in the everyday lives of her subjects and how they themselves perceive these developments.<\/p>\n\t\t\t\t<\/div>\n\t\t\t<\/div>\n\t\t<\/div>\n\t<\/div>\n<\/section>\n\n\n<section class=\"block block-headline has-highlight-color block-no-margin\" >\n\t<div class=\"container-fluid\">\n\t\t<div class=\"row\">\n\t\t\t\t\t\t<div class=\"col-xs-12 col-md-7\">\n\t\t\t\t<div class=\"box\">\n\t\t\t\t\t<h2 class=\"h3\">Learn more<\/h2>\n\t\t\t\t<\/div>\n\t\t\t<\/div>\n\t\t\t\t\t<\/div>\n\t<\/div>\n<\/section>\n\n\n<section class=\"block block-teaser dont-filter block-teaser-page \" style=\"background-color: #FFFFFF\">\n\n\t\n\t\t\n\t\t\t<div class=\"container-fluid teaser-no-lane\"  data-parallax-stagger='{\"child\":\"li\",\"mask\":\".row\",\"split\":false,\"in\":{\"opacity\": [0,0],\"delay\":0},\"center\":{\"y\": [60,0],\"opacity\": [0,1],\"delay\":1,\"ease\":\"sine.out\"},\"out\":{\"opacity\": [1,0],\"delay\":0,\"ease\":\"sine.in\"}}'>\n\t\t\t<ul class=\"row\">\n\t\t\t\t<li class=\"col-xs-12 col-md-6 teaser-page teaser-wrapper padding-bottom-sixth teaser-page teaser-type-standard teaser-col-2\">\n\t<a href=\"https:\/\/www.stadtmuseum.de\/berliner-zimmer\" class=\"teaser\">\n\t\t<div>\n\t\t\t<div class=\"teaser-image\">\n\t\t\t\t\n\t\t<lazy-media-inline inline-template data-id=\"5916\">\n\t\t\t<figure itemscope itemtype=\"http:\/\/schema.org\/ImageObject\" class=\"lazy-media-inline \" role=\"group\" id=\"media_69f381dc2f9fc\">\n\t\t\t\t<script type=\"application\/json\" ref=\"data\">\n\t\t\t\t{\n\t\t\t\t\"sizes\" : {\"medium\":{\"file\":\"sonya-schoenberger-300x234.jpg\",\"width\":300,\"height\":234,\"mime-type\":\"image\\\/jpeg\",\"filesize\":24843},\"medium_large\":{\"file\":\"sonya-schoenberger-768x600.jpg\",\"width\":768,\"height\":600,\"mime-type\":\"image\\\/jpeg\",\"filesize\":149290},\"small\":{\"file\":\"sonya-schoenberger-440x344.jpg\",\"width\":440,\"height\":344,\"mime-type\":\"image\\\/jpeg\",\"filesize\":52364},\"semi\":{\"file\":\"sonya-schoenberger-580x453.jpg\",\"width\":580,\"height\":453,\"mime-type\":\"image\\\/jpeg\",\"filesize\":90256},\"mobile\":{\"file\":\"sonya-schoenberger-720x562.jpg\",\"width\":720,\"height\":562,\"mime-type\":\"image\\\/jpeg\",\"filesize\":134147},\"original\":{\"file\":\"sonya-schoenberger.jpg\",\"width\":950,\"height\":742}},\n\t\t\t\t\"alt\" : \"Kameramann Cavo Kernich und Interviewerin Sonya Sch\\u00f6nberger sitzen im Park versetzt auf St\\u00fchlen\",\n\t\t\t\t\"path\" : \"\\\/wp-content\\\/uploads\\\/2022\\\/11\\\/\",\n\t\t\t\t\"video\" : null,\n\t\t\t\t\"autoplay\" : null,\n\t\t\t\t\"youtube\" : null,\n\t\t\t\t\"youtubelabel\" : \"play\",\n\t\t\t\t\"brightness\" : 100,\n\t\t\t\t\"crop\" : null,\n\t\t\t\t\"background\" : true,\n\t\t\t\t\"scale\" : 1,\n\t\t\t\t\"zoom\" : false,\n\t\t\t\t\"annotations\" : null\t\t\t\t}\n\t\t\t<\/script>\n\t\t\t\t<div class=\"height-container\" style=\"padding-bottom:54%;  \" v-if=\"sizes\">\n\t\t\t\t\t<lazy-media :inline=\"true\" :alt=\"alt\" :sizes=\"sizes\" :scale=\"scale\" :zoom=\"zoom\" :brightness=\"brightness\" :path=\"path\" :video=\"video\" :autoplay=\"autoplay\" :youtube=\"youtube\" :crop=\"crop\" :youtubelabel=\"youtubelabel\" :annotations=\"annotations\" :background=\"background\"><\/lazy-media>\n\n\t\t\t\t\t\t\t\t\t<\/div>\n\n\t\t\t\t\n\t\t\t\t\n\n\n\t\t\t\t\n\t\t\t   \t\t\t\t\t\t\t<\/figure>\n\t\t<\/lazy-media-inline>\n\t\t\t\t\t<\/div>\n\t\t\t<div class=\"teaser-copy\">\n\t\t\t\t<div>\n\t\t\t\t\t<div class=\"teaser-header padding-top-sixth\"><div><h3 class=\"zeplin-teaserHeadline-M\">Berliner Zimmer<\/h3><\/div><\/div>\n\t\t\t\t\t<div class=\"copy\"><div class=\"padding-top-minimal\"><p class=\"zeplin-copySmall\">In den Videos der K\u00fcnstlerin erz\u00e4hlen Berliner:innen von ihrem Leben in der Gro\u00dfstadt, ihren Erinnerungen zu historischen Ereignissen, ihren Erfahrungen als politisch Aktive oder Kunstschaffende.\u00a0In Zusammenarbeit mit dem Stadtmuseum Berlin entsteht so seit 2018 Video f\u00fcr Video ein digitales Archiv der Gegenwart: das\u00a0Berliner Zimmer.<\/p><\/div><div class=\"padding-top-sixth\"><span class=\"zeplin-metadata has-highlight-color\">More<\/span><\/div><\/div>\n\t\t\t\t<\/div>\n\t\t\t<\/div>\n\t\t<\/div>\n\t<\/a>\n<\/li>\t\t\t<\/ul>\n\t\t<\/div>\n\t\n\t<\/section>\n","protected":false},"excerpt":{"rendered":"<p>Michael Laschke&#8217;s connection with Karlshorst began in 1961 when he was a student at the Hochschule f\u00fcr \u00d6konomie, where he would later teach as a lecturer. He has witnessed major changes to the neighbourhood, from the lifting of the military restricted area in 1963, to the upheaval following 1990, to the current boom in housing construction.<\/p>\n","protected":false},"featured_media":5935,"template":"","ho_author":[],"ho_category":[233,239],"acf":[],"_links":{"self":[{"href":"https:\/\/www.stadtmuseum.de\/en\/wp-json\/wp\/v2\/video\/16006"}],"collection":[{"href":"https:\/\/www.stadtmuseum.de\/en\/wp-json\/wp\/v2\/video"}],"about":[{"href":"https:\/\/www.stadtmuseum.de\/en\/wp-json\/wp\/v2\/types\/video"}],"version-history":[{"count":1,"href":"https:\/\/www.stadtmuseum.de\/en\/wp-json\/wp\/v2\/video\/16006\/revisions"}],"predecessor-version":[{"id":18818,"href":"https:\/\/www.stadtmuseum.de\/en\/wp-json\/wp\/v2\/video\/16006\/revisions\/18818"}],"wp:featuredmedia":[{"embeddable":true,"href":"https:\/\/www.stadtmuseum.de\/en\/wp-json\/wp\/v2\/media\/5935"}],"wp:attachment":[{"href":"https:\/\/www.stadtmuseum.de\/en\/wp-json\/wp\/v2\/media?parent=16006"}],"wp:term":[{"taxonomy":"ho_author","embeddable":true,"href":"https:\/\/www.stadtmuseum.de\/en\/wp-json\/wp\/v2\/ho_author?post=16006"},{"taxonomy":"ho_category","embeddable":true,"href":"https:\/\/www.stadtmuseum.de\/en\/wp-json\/wp\/v2\/ho_category?post=16006"}],"curies":[{"name":"wp","href":"https:\/\/api.w.org\/{rel}","templated":true}]}}

<section class="block block-header-video" >

	<div class="block-header-video-content margin-bottom-sixth">
		<block-media inline-template>
			<div class="block-media-wrapper" @click="click">
				<div class="block-header-video-fg" ref="fg">
					<div class="block-header-video-fg-wrapper">
						<div class="container-fluid block-header-video-fg-container">
							<div class="row block-header-video-fg-row">
								<div class="col-xs-12 padding-top-two-thirds">
									<div class="box">
										<h1 class="zeplin-subHead01 has-invert-color padding-bottom-sixth">Michael Laschke | Wir sind viele. Leben in Berlin</h1>
										<div class="zeplin-quoteName has-invert-color padding-bottom-sixth">Berliner Zimmer</div>
									</div>
								</div>
							</div>
						</div>
					</div>
				</div>

				<div class="block-header-video-bg">
					<div class="block-header-video-bg-wrapper">
						
		<lazy-media-inline inline-template data-id="5934">
			<figure itemscope itemtype="http://schema.org/ImageObject" class="lazy-media-inline " role="group" id="media_69f381dc2b8af">
				<script type="application/json" ref="data">
				{
				"sizes" : {"medium":{"file":"Nnenna_Onuoha-1-300x169.jpg","width":300,"height":169,"mime-type":"image\/jpeg","filesize":14510},"large":{"file":"Nnenna_Onuoha-1-1024x575.jpg","width":1024,"height":575,"mime-type":"image\/jpeg","filesize":132578},"medium_large":{"file":"Nnenna_Onuoha-1-768x431.jpg","width":768,"height":431,"mime-type":"image\/jpeg","filesize":80663},"1536x1536":{"file":"Nnenna_Onuoha-1-1536x863.jpg","width":1536,"height":863,"mime-type":"image\/jpeg","filesize":257355},"small":{"file":"Nnenna_Onuoha-1-440x247.jpg","width":440,"height":247,"mime-type":"image\/jpeg","filesize":29274},"semi":{"file":"Nnenna_Onuoha-1-580x326.jpg","width":580,"height":326,"mime-type":"image\/jpeg","filesize":49316},"mobile":{"file":"Nnenna_Onuoha-1-720x404.jpg","width":720,"height":404,"mime-type":"image\/jpeg","filesize":72378},"hd":{"file":"Nnenna_Onuoha-1-1280x719.jpg","width":1280,"height":719,"mime-type":"image\/jpeg","filesize":192183},"original":{"file":"Nnenna_Onuoha-1.jpg","width":1675,"height":941}},
				"alt" : "",
				"path" : "\/wp-content\/uploads\/2022\/11\/",
				"video" : null,
				"autoplay" : null,
				"youtube" : "https:\/\/youtu.be\/n1u3sTSVB50",
				"youtubelabel" : "play",
				"brightness" : 70,
				"crop" : null,
				"background" : false,
				"scale" : 1,
				"zoom" : false,
				"annotations" : null				}
			</script>
				<div class="height-container" style="padding-bottom:56.179104477612%;  " v-if="sizes">
					<lazy-media :inline="true" :alt="alt" :sizes="sizes" :scale="scale" :zoom="zoom" :brightness="brightness" :path="path" :video="video" :autoplay="autoplay" :youtube="youtube" :crop="crop" :youtubelabel="youtubelabel" :annotations="annotations" :background="background"></lazy-media>

									</div>

				
								  <div class="container-fluid">
					  <div class="row">
					  	<div class="col-xs-12">
						


								
			   						</div>
					  </div>
				  </div>
										</figure>
		</lazy-media-inline>
							</div>
				</div>
			</div>
		</block-media>
	</div>

	<div class="container-fluid margin-bottom padding-top-third">
		<div class="row">
			<div class="col-xs-12 col-md-7">
				<div class="copy">
					<div class="copy">
						<p>Michael Laschke&#8217;s connection with Karlshorst began in 1961 when he was a student at the Hochschule für Ökonomie, where he would later teach as a lecturer. He has witnessed major changes to the neighbourhood, from the lifting of the military restricted area in 1963, to the upheaval following 1990, to the current boom in housing construction.</p>
					</div>
				</div>
			</div>
		</div>
	</div>
</section>



<section class="block block-headline has-highlight-color block-no-margin" >
	<div class="container-fluid">
		<div class="row">
						<div class="col-xs-12 col-md-7 col-md-offset-5">
				<div class="box">
					<h2 class="h3">Wir sind viele. Leben in Berlin</h2>
				</div>
			</div>
					</div>
	</div>
</section>


<section class="block block-copy">
	<div class="container-fluid">
		<div class="row">
			<div class="col-xs-12 col-md-7 col-md-offset-5">
				<div class="copy">
					<p>The history of Karlshorst has been significantly shaped by the events of the 20<sup>th</sup> century. In 1920, the mansion colony, which previously belonged to the municipality of Friedrichsfelde, became a locality in the newly formed borough of Lichtenberg. After the end of the Second World War, a section of Karlshorst became the headquarters of the Soviet armed forces. The area was partially closed off and no longer accessible to the public. After the fall of the Berlin Wall and the withdrawal of the armed forces of the Russian Federation in 1994, a new development trend began. Karlshorst&#8217;s green and rural character have made it a popular place to live within the city, increasingly attracting new residents and with them increasingly dense development.<br><br>In cooperation with the Karlshorst Cultural Centre <em>KAHO</em>, Berlin-based artist Sonya Schönberger has set out to find the traces of old Karlshorst. By interviewing long-term residents, as well as those who have moved in or out, she wanted to find out how these changes are reflected in the everyday lives of her subjects and how they themselves perceive these developments.</p>
				</div>
			</div>
		</div>
	</div>
</section>


<section class="block block-headline has-highlight-color block-no-margin" >
	<div class="container-fluid">
		<div class="row">
						<div class="col-xs-12 col-md-7">
				<div class="box">
					<h2 class="h3">Learn more</h2>
				</div>
			</div>
					</div>
	</div>
</section>


<section class="block block-teaser dont-filter block-teaser-page " style="background-color: #FFFFFF">

	
		
			<div class="container-fluid teaser-no-lane"  data-parallax-stagger='{"child":"li","mask":".row","split":false,"in":{"opacity": [0,0],"delay":0},"center":{"y": [60,0],"opacity": [0,1],"delay":1,"ease":"sine.out"},"out":{"opacity": [1,0],"delay":0,"ease":"sine.in"}}'>
			<ul class="row">
				<li class="col-xs-12 col-md-6 teaser-page teaser-wrapper padding-bottom-sixth teaser-page teaser-type-standard teaser-col-2">
	<a href="https://www.stadtmuseum.de/berliner-zimmer" class="teaser">
		<div>
			<div class="teaser-image">
				
		<lazy-media-inline inline-template data-id="5916">
			<figure itemscope itemtype="http://schema.org/ImageObject" class="lazy-media-inline " role="group" id="media_69f381dc2f9fc">
				<script type="application/json" ref="data">
				{
				"sizes" : {"medium":{"file":"sonya-schoenberger-300x234.jpg","width":300,"height":234,"mime-type":"image\/jpeg","filesize":24843},"medium_large":{"file":"sonya-schoenberger-768x600.jpg","width":768,"height":600,"mime-type":"image\/jpeg","filesize":149290},"small":{"file":"sonya-schoenberger-440x344.jpg","width":440,"height":344,"mime-type":"image\/jpeg","filesize":52364},"semi":{"file":"sonya-schoenberger-580x453.jpg","width":580,"height":453,"mime-type":"image\/jpeg","filesize":90256},"mobile":{"file":"sonya-schoenberger-720x562.jpg","width":720,"height":562,"mime-type":"image\/jpeg","filesize":134147},"original":{"file":"sonya-schoenberger.jpg","width":950,"height":742}},
				"alt" : "Kameramann Cavo Kernich und Interviewerin Sonya Sch\u00f6nberger sitzen im Park versetzt auf St\u00fchlen",
				"path" : "\/wp-content\/uploads\/2022\/11\/",
				"video" : null,
				"autoplay" : null,
				"youtube" : null,
				"youtubelabel" : "play",
				"brightness" : 100,
				"crop" : null,
				"background" : true,
				"scale" : 1,
				"zoom" : false,
				"annotations" : null				}
			</script>
				<div class="height-container" style="padding-bottom:54%;  " v-if="sizes">
					<lazy-media :inline="true" :alt="alt" :sizes="sizes" :scale="scale" :zoom="zoom" :brightness="brightness" :path="path" :video="video" :autoplay="autoplay" :youtube="youtube" :crop="crop" :youtubelabel="youtubelabel" :annotations="annotations" :background="background"></lazy-media>

									</div>

				
				


				
			   							</figure>
		</lazy-media-inline>
					</div>
			<div class="teaser-copy">
				<div>
					<div class="teaser-header padding-top-sixth"><div><h3 class="zeplin-teaserHeadline-M">Berliner Zimmer</h3></div></div>
					<div class="copy"><div class="padding-top-minimal"><p class="zeplin-copySmall">In den Videos der Künstlerin erzählen Berliner:innen von ihrem Leben in der Großstadt, ihren Erinnerungen zu historischen Ereignissen, ihren Erfahrungen als politisch Aktive oder Kunstschaffende. In Zusammenarbeit mit dem Stadtmuseum Berlin entsteht so seit 2018 Video für Video ein digitales Archiv der Gegenwart: das Berliner Zimmer.</p></div><div class="padding-top-sixth"><span class="zeplin-metadata has-highlight-color">More</span></div></div>
				</div>
			</div>
		</div>
	</a>
</li>			</ul>
		</div>
	
	</section>

<p>Michael Laschke&#8217;s connection with Karlshorst began in 1961 when he was a student at the Hochschule für Ökonomie, where he would later teach as a lecturer. He has witnessed major changes to the neighbourhood, from the lifting of the military restricted area in 1963, to the upheaval following 1990, to the current boom in housing construction.</p>
